e first derivative of -h**4/4 + 5*h**3/3 + h - 2. What is the remainder when 55 is divided by l(3)?
17
Suppose 0 = 4*t - 111 + 15. Calculate the remainder when t is divided by 4/8*-2 + 10.
6
Let a = 151 + -97. Suppose -15 = 3*b - a. Calculate the remainder when 50 is divided by b.
11
Let n be (4*(-1)/10)/((-1)/(-30)). Suppose -102 = -4*d + 50. Let r = n + d. Calculate the remainder when 50 is divided by r.
24
Let y(n) = n**2 + 10*n + 9. Calculate the remainder when y(-13) is divided by 13.
9
Let n(o) = -o**3 - o**2 - 15. Let s(r) = -r**3 - r**2 - 14. Let x(y) = -4*n(y) + 3*s(y). What is the remainder when 70 is divided by x(0)?
16
Suppose 5*t + 37 = 152. Let m be ((-6)/2 - -1) + 16. Let j = -8 + m. What is the remainder when t is divided by j?
5
Suppose 2*f - 284 + 86 = 0. What is the remainder when f is divided by 25?
24
Suppose -5*k + 4*h = -15, -17 = -6*k + 3*k + 4*h. What is the remainder when (-3 - -8)*(-1)/k is divided by 4?
1
Let o = -11 + 13. What is the remainder when (-92)/(-3) - o/(-6) is divided by 11?
9
Let a = 10 - 3. Let x(b) = -b**3 + 4*b**2 - 4*b + 11. Calculate the remainder when x(3) is divided by a.
1
Let h(f) = -4*f**2 - 2*f + 3 + 22*f**3 - f**2 - 23*f**3. Calculate the remainder when h(-5) is divided by 4.
1
Let t(k) = -k + 19. What is the remainder when 92 is divided by t(0)?
16
Suppose 2*i - 3*v = 19, -35 = -3*i - 3*v + v. Let w be 0 + (-2)/2 + -7. What is the remainder when (42/w)/(5/(-20)) is divided by i?
10
What is the remainder when 1/((-1)/(30/(-2))) is divided by 34/4 - (135/18 - 7)?
7
Let c = 8 + -2. Let y = 7 - c. What is the remainder when (36 - 3) + y*-1 is divided by 11?
10
Let v = 58 - 40. Calculate the remainder when 71 is divided by v.
17
Suppose 2*v + 40 = 6*v. What is the remainder when 26 is divided by v?
6
Suppose -y + d - 27 = -2*y, 5*d = -y + 27. What is the remainder when y is divided by 7?
6
Let j(y) be the second derivative of -y**4/6 - y**3/6 + y**2 - y. Let w be j(-2). Let u(o) = o**2 - o - 3. What is the remainder when u(w) is divided by 6?
5
Suppose -r = -7 - 0. Suppose 5*i = r*i - 46. What is the remainder when 44 is divided by i?
21
Suppose -g + 2*w - 4 = 4*w, 4*g - w - 2 = 0. Suppose g = -4*z + 3*z + 28. What is the remainder when z is divided by 15?
13
Let q = 5 + -4. What is the remainder when 54 is divided by 2/((6/57)/q)?
16
Let m(y) = -52*y - 3. What is the remainder when m(-1) is divided by 17?
15
Let l(i) = i**2 + 6*i + 9. Calculate the remainder when 25 is divided by l(-6).
7
Let r(c) = -c + 6. Let n be r(4). Suppose 43 - 3 = n*z. What is the remainder when 58 is divided by z?
18
Let q(y) = y**3 + 1. Let l(d) = 17*d**3 - d**2. Calculate the remainder when l(1) is divided by q(2).
7
Suppose -3*s = -73 - 50. Calculate the remainder when s is divided by 11.
8
Let g(q) be the second derivative of q**5/20 - q**4/3 - q**3/2 + 7*q**2/2 - 7*q. Calculate the remainder when 33 is divided by g(5).
16
Let u be ((-28)/35)/(4/(-30)). Suppose -o - 170 = -u*o. Calculate the remainder when o is divided by 12.
10
Suppose -5*p - 4*z + 104 = 0, -4*z + 21 = 2*p - 23. What is the remainder when p is divided by 7?
6
Let o be 1/2 - (-57)/6. Let g = o - 5. Suppose g*q + 2*v - 17 = 30, 35 = 5*q + 5*v. What is the remainder when 21 is divided by q?
10
Let x(j) = j**2 - 5*j + 9. Let f be x(6). Let m = -1 + f. Calculate the remainder when 41 is divided by m.
13
Let n(s) = s**3 + 4*s**2 - 3*s - 5. Calculate the remainder when 26 is divided by n(-4).
5
Suppose 0*w + 5*w - 110 = 0. Let i = 13 - 11. Suppose -2*g - 14 = -i*n, 7*g - 73 = -4*n + 2*g. Calculate the remainder when w is divided by n.
10
Suppose -4*x = -2*x - 8. Suppose -x*h = -9 + 1. Suppose 5*n + 11 = d, h*d - 4*n - 12 - 4 = 0. What is the remainder when 17 is divided by d?
5
Let m = -4 + 1. Let a = m + 5. Suppose -w + a*w - 14 = 0. What is the remainder when w is divided by 8?
6
Suppose -5*o + 321 - 106 = 0. Calculate the remainder when o is divided by 22.
21
Let j = -6 + 12. Suppose 6*l - 102 = 4*l. Suppose -l = -4*g - 15. What is the remainder when g is divided by j?
3
Let l = 18 + -11. Let c be (-2)/(-7) - (-12)/l. Suppose -3*f - f + 33 = 5*x, -c*x + 8 = -f. What is the remainder when 8 is divided by x?
3
Let z(u) = -u**2 + 27*u - 103. Suppose 3*s - 15 = -2*s. Suppose o + 5*v + 8 = 0, 2*o + s*o - 68 = 2*v. Calculate the remainder when z(6) is divided by o.
11
Let k be 6/1*2/4. Suppose 5*v + 104 = -3*n, k*n - n + 101 = 3*v. What is the remainder when (2 + -2 - 1)*n is divided by 15?
13
Let m = -1 + 0. Calculate the remainder when 14 is divided by (-4)/(-2) - -2 - m.
4
Suppose -x + 0 = -2. Suppose x*q + 0 = -a - 1, -2*a - 2 = -2*q. Suppose q*l - l = -16. What is the remainder when l is divided by 9?
7
Let b(i) be the third derivative of i**5/60 - i**4/3 + 3*i**3/2 - i**2. Calculate the remainder when 2 is divided by b(7).
0
Calculate the remainder when (15/(-2))/((-3)/12) is divided by 2/(32/(-4)) - (-66)/8.
6
Let r = -14 + 36. Calculate the remainder when 21 is divided by 3*r/18*3.
10
Suppose v + 0 = 4. Suppose 0 = -g - 4*c - 7, -v*g + 24 + 11 = -5*c. Let h = 97 - 83. Calculate the remainder when h is divided by g.
4
Let k(t) = 4*t - 17. Let h(j) = -j + 6. Calculate the remainder when k(7) is divided by h(0).
5
Let i(k) = -5*k + 13. Calculate the remainder when i(-5) is divided by 10.
8
Suppose 5*f = 7*f. Suppose -3*t - 3*i = -75, -2*t + f*i + i + 38 = 0. Calculate the remainder when 39 is divided by t.
18
Let v = -5 - -6. Let q(x) = 9*x. Let c = 4 + 12. Calculate the remainder when c is divided by q(v).
7
Suppose 0*k = 6*k - 198. Calculate the remainder when k is divided by -1 + 5/(5/18).
16
Let h(x) = -12 + x - 2 - 3 - 3*x. Calculate the remainder when h(-12) is divided by 2.
1
Let i(j) = j**3 + 5*j**2 + j - 4. Let u(m) be the first derivative of m**2 - 4*m + 2. Calculate the remainder when i(-3) is divided by u(5).
5
Let n(k) = -5*k**3 - 3 + 16*k**3 - 10*k**3 + 7*k**2 + 4*k. Calculate the remainder when 33 is divided by n(-6).
6
Let p = 42 - 29. Calculate the remainder when 37 is divided by p.
11
Let t = 17 + -9. Suppose 4*g + 4 = 0, -t - 5 = -l - 4*g. What is the remainder when 31 is divided by l?
14
Suppose -q = 3*q + 20, 4*q = 3*t - 62. What is the remainder when t is divided by 4?
2
Suppose -5*m + 36 + 129 = 0. What is the remainder when m is divided by 12?
9
Let a = 4 - 2. Suppose 10 - 32 = -a*l. What is the remainder when 41 is divided by l?
8
Suppose 7*s = 2*s + 3*j + 84, -5*s = 4*j - 63. Calculate the remainder when 119 is divided by s.
14
Suppose 0 = -2*j - i - i + 72, -2*j - 3*i = -77. Calculate the remainder when j is divided by 17.
14
Suppose 91 = 2*b - 3*c, 5*b - 4*c - 124 = 100. Calculate the remainder when b is divided by 16.
12
Suppose -2*n + 33 = -7. Calculate the remainder when (1 + 3 + -3)*57 is divided by n.
17
Suppose 4*f - k = 33, 2*f - 3*k - 28 = -9. Suppose -f = -z - 0*z. What is the remainder when z is divided by 3?
2
Suppose -9 - 11 = -5*k. Suppose -4*v + 28 = -2*v - k*z, -5*z - 55 = -5*v. Calculate the remainder when v is divided by 5.
3
Suppose 4*c + 34*r - 32 = 31*r, 0 = -5*c + r + 59. Suppose -4 + 3 = g. Let j(k) = 19*k**2. Calculate the remainder when j(g) is divided by c.
8
Suppose 5*w - 164 = w. Let p = w + -27. Calculate the remainder when 53 is divided by p.
11
Suppose 5*x - 80 + 25 = 0. Let c be 1 + -4 + 3 + 19. Let m = -12 + c. Calculate the remainder when x is divided by m.
4
Let u = -7 + 16. Let s(m) = -m - 5. Let a be s(-5). Suppose a*y = y - 5. What is the remainder when u is divided by y?
4
Suppose -4*h = -7*h + 165. Calculate the remainder when h is divided by 19.
17
Let q be (-3 - 0) + 0 - 4. Let o be 0 + (-4 - -2) - q. What is the remainder when 1386/35 - 3/o is divided by 20?
19
Suppose 3*j - 16 = -j. Suppose j*u - 2*v - 2 = 20, -3*u + 18 = -2*v. What is the remainder when 7 is divided by u?
3
Let n(v) = -v - 9. Let m be n(-6). Let x = 6 - m. Calculate the remainder when x is divided by 6.
3
Let x be (-5)/15 - (-114)/(-9). Let k = 32 + x. What is the remainder when 36 is divided by k?
17
What is the remainder when 6/(-22) + (-2898)/(-99) is divided by 9 - (0/1 - -1)?
5
Suppose 0 = -0*a - 2*a + 10. Suppose -h + 1 = v, a*v - 3 = 4*h + 2. Suppose 3*x + h*x = 21. Calculate the remainder when 20 is di